 j/((-1)/(16/(-12)))?
8
Let a = 373 + -193. What is the hundreds digit of a?
1
Let i = 6 - 16. Let q be 129/15 - 4/i. What is the units digit of q/15*5*1?
3
Suppose 11*c - 8*c - 6 = 0. What is the units digit of c?
2
Suppose -3*l - 102 = -2*h, -h - 3*h = 4*l - 204. Let c be (-12)/4*(3 - 2). What is the tens digit of ((-2)/c)/(2/h)?
1
Suppose -5*m + 162 = -98. Suppose 2*c = 5*q - 11, 0 = -4*c + c + 4*q + 1. Suppose c*f - 4*l - m = 2*f, -l + 26 = 2*f. What is the tens digit of f?
1
Let w = -51 + 73. What is the tens digit of w?
2
Suppose -16*d = -12*d - 260. What is the tens digit of d?
6
What is the units digit of (0 - 78)/(18/(-12))?
2
Let h(r) = r**3 + 3*r**2 + 4*r + 3. Let c be h(-3). Let k(t) = -5*t - 9. What is the tens digit of k(c)?
3
Let p(m) = 3*m - 18. Let n be p(8). Suppose 0 = -3*a + n, 4*g - 3*a = 70 + 88. What is the units digit of g?
1
Let w = 57 + 27. What is the tens digit of w?
8
Let y(m) = 23*m**2. What is the tens digit of y(-2)?
9
Suppose -5 + 7 = d. Suppose -i + 2*n = -17, d*i + n = -4*n + 25. What is the tens digit of i?
1
Let v = -137 + 194. What is the units digit of v?
7
Let n be (-2 + -27)*-1*1. Suppose 2*w - 5*v = 73, -3*w - 4*v - n = -196. What is the tens digit of w?
4
Let z(i) = -i**3 - 2*i**2 + 3*i + 1. Let c be z(-3). Suppose c = -h + 26. What is the tens digit of h?
2
Let j be (6/9)/(1/9). Let c = j - 1. What is the units digit of c*(-1 - 11/(-5))?
6
Suppose -4*o = o - 30. Suppose -11 = c + 3*q, 4*c - 2*q + 12 = -o*q. Suppose -u + 5*y = c, 4 = -3*u - 3*y + 19. What is the units digit of u?
4
Let f = 14 + -41. Let m = f - -11. What is the units digit of (-6)/8*m/4?
3
Let l(n) = -n**3 + 2*n**2 + 4*n - 7. What is the units digit of l(-5)?
8
Suppose -5*y + 4 + 26 = 0. Let s be (6/4)/(y/(-8)). What is the units digit of (3/(-2))/(3/s)?
1
Let k(h) = -38*h + 5. What is the hundreds digit of k(-3)?
1
Let l be (4/(-8))/(2/(-12)). Let n(t) = 5*t**2 - 3*t - 2*t - 4 - l*t + t**3. What is the units digit of n(-6)?
8
Let x(d) be the third derivative of d**5/30 - d**4/12 - d**3/6 + 3*d**2. What is the tens digit of x(-3)?
2
Let x = -3 - 4. Let r = 1 + x. Let l = 8 - r. What is the units digit of l?
4
Let o = 7 + -7. Suppose 3*x - s - 7 = o, -s - 7 = -x - 2. What is the units digit of x?
1
Let h(c) = -c + 8. Let z be h(5). Suppose 4*v + 3 = -3*j, 0 = j - z*v + 4*v + 1. Let p(b) = -6*b**3 - b**2 - b - 1. What is the units digit of p(j)?
5
Let x(d) = d + 29. What is the tens digit of x(-16)?
1
Let f = 17 - 17. Suppose 28 = z - f*z. What is the tens digit of z?
2
Let p(x) = x**3 - 2*x**2 - x - 1. Let u be p(3). Suppose -28 = -u*c + 2. Suppose -4*o = -5*o + c. What is the units digit of o?
6
Let q = 478 + -288. What is the hundreds digit of q?
1
Let s be 4/(-10) + (-16)/10. Let v be 0 - (-1 + (-1 - s)). What is the units digit of 1 - (v - (0 - -2))?
3
Let x(q) = -3*q + 2. Let p be x(6). Let f = 32 + p. What is the tens digit of f?
1
Let a = -2 + 35. What is the units digit of a?
3
Let z(x) = -x**3 - 14*x**2 + 11*x + 15. What is the tens digit of z(-15)?
7
Let v be 4 + 3 - (-3)/1. Let k be ((-8)/(-6))/(v/15). What is the units digit of ((-8)/(-6))/(k/12)?
8
Let i(f) = 9*f + 1. What is the tens digit of i(3)?
2
Let l(c) be the first derivative of c**2/2 - 2*c + 2. Let h be l(2). Suppose 3*x + 5*m + 0 = -1, h = 5*x - 3*m - 21. What is the units digit of x?
3
Let a(w) be the first derivative of -2 - 3*w - 7/2*w**2. What is the units digit of a(-2)?
1
Suppose -3*w = 2*w. Suppose 0 = -r + 2*f + 15, 2*r - 3*f - 25 = -w*r. What is the units digit of r?
5
Let z be (11 + -1)*4/5. Let f be (z/6 + -1)*9. What is the units digit of 34/f - (-2)/3?
2
Suppose 0 = -3*f - 3*f. Suppose -3*d + 2*d + 32 = f. What is the units digit of d?
2
Let p(s) = 15*s - 23. What is the tens digit of p(6)?
6
Let h = 0 + 2. Suppose 2*c - i - 57 = -h*c, -2*c - 4*i = -6. What is the units digit of c?
3
Suppose -5*w + 5 = -2*y - 2*y, 0 = -w + 4*y - 15. Suppose -t + w = 0, 3*d + 7*t - 32 = 3*t. What is the units digit of d?
4
What is the units digit of -46*(15/(-6) - -2)?
3
Suppose 3*h = 5*s - 471, h - 492 = -5*s - 3*h. What is the units digit of s?
6
Let o = 10 - 7. Suppose n + 3 = b - 2*b, -n = -o. What is the units digit of 0 + -1 - (-2 + b)?
7
Let r(o) = -15*o - 9. What is the units digit of r(-6)?
1
Let q(z) = 43*z**2 + 2*z - 2. Suppose 3*i + 6 - 9 = 0. What is the units digit of q(i)?
3
Let p(a) = -a - 7. Let j be p(-9). Suppose 2*t - 4 = 0, x + t = -j*t + 5. What is the units digit of 0 - -2 - (1 + x)?
2
Let a = 129 - 58. What is the units digit of a?
1
Let x = 0 - -3. Let h(v) = v - 6. Let m be h(7). Let g = x + m. What is the units digit of g?
4
Let g = 2 + 6. Suppose -p - 3*p = -g. What is the units digit of p?
2
Let r(d) = -d**3 - 3*d**2 + 2*d - 3. Let n be r(-4). Suppose 3*x = n*x + 80. What is the units digit of (-264)/x - 2/(-5)?
7
Let q(k) be the first derivative of 3*k**4/4 - 2*k**3/3 - k**2/2 + 2. What is the units digit of q(2)?
4
Let a be 3/(44/16 + -2). Suppose 2*j - 2*o + 3*o - 21 = 0, -a*j = o - 37. What is the units digit of j?
8
Let t(v) = v**3 + 12*v**2 + 21*v + 10. What is the units digit of t(-9)?
4
Suppose 0 = -5*x + 3*d + 260, 4*d - 17 = -x + 12. Suppose -3*w + 42 = 3*c, 3*c - 2*w - x = -7. What is the units digit of c?
4
Let h = 183 - 66. What is the hundreds digit of h?
1
Let o = 11 - 4. Suppose 19 + o = 2*h. What is the units digit of h?
3
Suppose -4*q + 27 = k + 7, 3*k - 44 = -4*q. What is the tens digit of k?
1
Suppose -14 = -3*t - 5. Let j = 1 - -1. Suppose -16 = -4*m, t*d - 2*m = -j*d + 27. What is the units digit of d?
7
Suppose 146 = 2*w - g, -155 - 209 = -5*w + 2*g. What is the units digit of w?
2
Let o(n) = n**2 + 5*n + 6. Let k be o(-4). Suppose 0 = -k*v - 3*x, x = 5*v - x. Suppose 0 = 5*s + 2*j - 17 - v, 21 = 5*s + j. What is the units digit of s?
5
Suppose 0 = -2*b + 2*m - 0*m - 6, -3*m = -4*b - 11. Let w(c) = -c**2 + 2*c - 3. Let o be w(3). What is the units digit of (-46)/(-6) + b/o?
8
Suppose -3*r = -15, 2*i + r + 2*r = 19. Let z = i + 3. What is the units digit of z?
5
Suppose 0 = 5*l, -4*p - 5*l + 320 = -l. What is the tens digit of p?
8
Suppose 42 = 3*a + 12. What is the tens digit of a?
1
Suppose -h = 3*s - 50, 4*h - 5*s = 114 + 154. What is the tens digit of h?
6
Let r = -22 - -105. What is the tens digit of r?
8
Let a be -4*(-3 - (-21)/6). What is the units digit of (1*a)/((-4)/18)?
9
Let j = -2 - -10. Suppose -17 = -5*w + j. What is the units digit of w?
5
Let x(j) = -j**3 - 4*j**2 - 5*j - 6. Let z be x(-4). Let d = 18 - z. What is the units digit of d?
4
Suppose 3*j - 4*f - 1 = -3, -2*j + 22 = 2*f. Let l = 0 + j. What is the units digit of l?
6
Suppose 28 - 4 = 2*v. What is the tens digit of v?
1
Let w(b) = b**2 - b - 2. What is the units digit of w(-2)?
4
Suppose 2*z + 44 = 4*j, z - 4*j = 4*z + 16. Let k = -7 - z. Suppose r + 4*w - k = 0, 2*w - w = -3*r + 15. What is the units digit of r?
5
Let a(u) = 6*u - 12. What is the tens digit of a(9)?
4
Let a(k) = 2*k**2. Let b(o) = 2*o**2 - o + 1. Let w be b(2). Suppose 3*m = 16 - w. What is the tens digit of a(m)?
1
Let p(o) = o**3 - 6*o**2 + 3*o - 8. Let a be p(7). Suppose -4*d = -3*w + 51, -5*w + 9 + a = -2*d. What is the units digit of w?
3
Suppose 452 = 4*k - 4*a, 4*k + 0*a - a - 437 = 0. What is the tens digit of k?
0
Suppose 5*f - 213 = 2*f. What is the units digit of f?
1
Suppose -2*j = 3*t - 289, -5*j - 2*t = -7*t - 785. What is the tens digit of j?
5
Let b(v) = -v**3 - 4*v**2 + 4*v + 4. Let p be b(-5). Let q = -9 + p. Suppose q = n - 23 + 4. What is the tens digit of n?
1
Let x(w) = -w**3 - 7*w**2 - 5*w + 9. What is the units digit of x(-6)?
3
Let h(f) = -3*f + 1. Let w be h(1). What is the units digit of w + (40*1)/4?
8
Suppose 0 = 3*w - n - 95, 0*w - 4*w + n = -127. What is the units digit of w?
2
Suppose b - 2*b = -5, 2*p + b - 39 = 0. What is the units digit of p?
7
Suppose 2*n = -3*n + 15. Let c(u) = 10*u + n*u - 4 + 5. What is the units digit of c(1)?
4
Suppose 5*v = 3*v. Suppose -n - 4*n = y - 26, v = 4*y - 3*n - 12. What is the units digit of y?
6
Let z(y) = -y**3 + 7*y**2 - 6*y - 4. Let a be z(5). Suppose -t - a = -5*t. Suppose 0 = t*b - 12, 0*g = g - 4*b + 7. What is the units digit of g?
5
Suppose -161 - 10 = -3*u. What is the tens digit of u?
5
Le